test common factor of 330872 and 6844?
236
Calculate the highest common factor of 287 and 7329119.
287
Calculate the highest common divisor of 3267 and 72347.
11
What is the greatest common divisor of 10171395 and 192465?
585
What is the highest common divisor of 1377 and 31393980?
81
What is the highest common factor of 132 and 108972138?
66
Calculate the greatest common factor of 1302688 and 592.
16
What is the highest common factor of 66066 and 423696?
546
What is the greatest common factor of 12824 and 61923890?
3206
Calculate the highest common factor of 2 and 578177.
1
What is the greatest common divisor of 558 and 123178500?
558
What is the highest common factor of 154264901 and 25207?
1939
What is the highest common factor of 492 and 42039924?
492
Calculate the highest common divisor of 17781414 and 16709.
1519
What is the highest common factor of 379995 and 473?
11
What is the highest common factor of 81170870 and 33?
11
Calculate the highest common factor of 22075321 and 88229.
1063
What is the highest common factor of 3159280 and 286739?
1717
Calculate the highest common divisor of 552 and 20815184.
184
Calculate the highest common divisor of 24 and 1982488.
8
Calculate the highest common factor of 10844657 and 508.
127
Calculate the greatest common divisor of 10819 and 9865183.
349
Calculate the greatest common divisor of 186999 and 298147.
751
Calculate the greatest common divisor of 1475905 and 52849.
1289
What is the greatest common divisor of 81 and 16793883?
9
What is the greatest common divisor of 1494 and 80593?
83
What is the greatest common divisor of 845466041 and 3521?
3521
What is the greatest common divisor of 14697 and 65997?
9
Calculate the highest common divisor of 3224 and 630208176.
3224
Calculate the greatest common factor of 860 and 13724.
4
What is the greatest common factor of 2470490 and 150?
10
Calculate the greatest common divisor of 189923281 and 565.
113
Calculate the highest common factor of 12232032 and 896.
32
What is the greatest common factor of 78 and 53669733?
39
What is the greatest common divisor of 70500 and 252264?
12
Calculate the highest common divisor of 1006872 and 936.
24
What is the greatest common divisor of 16464472 and 496?
248
Calculate the greatest common factor of 10 and 243173510.
10
Calculate the greatest common divisor of 4205 and 51138687.
841
What is the highest common divisor of 4389 and 649363?
209
What is the highest common divisor of 120 and 1147736?
8
What is the greatest common factor of 1876525 and 175?
175
What is the greatest common divisor of 59542 and 44052574?
8506
What is the highest common factor of 2879018368 and 128?
128
What is the highest common factor of 423 and 10085805?
9
Calculate the greatest common factor of 15907366 and 724.
362
What is the highest common factor of 73556 and 168483?
497
What is the greatest common factor of 17128 and 10880?
8
Calculate the highest common factor of 21 and 3662605.
1
What is the highest common factor of 413250 and 254125?
2375
What is the highest common divisor of 71217 and 926559?
369
Calculate the highest common divisor of 215009 and 74694.
211
What is the highest common factor of 201 and 7164779?
67
Calculate the highest common divisor of 340 and 11389524.
68
Calculate the highest common divisor of 8073 and 193913460.
8073
What is the highest common factor of 4025 and 70049?
7
Calculate the highest common divisor of 85347 and 4.
1
What is the highest common factor of 3339 and 2169873?
477
Calculate the highest common factor of 13 and 217264489.
13
Calculate the greatest common divisor of 530 and 438070.
10
What is the greatest common divisor of 4499 and 168091?
11
Calculate the highest common divisor of 4106340 and 2030.
70
What is the highest common factor of 25 and 292060725?
25
Calculate the greatest common factor of 44210004 and 5784.
2892
What is the highest common divisor of 742 and 1512952?
14
Calculate the greatest common factor of 4923766 and 393.
131
Calculate the greatest common factor of 3442 and 48225862.
3442
Calculate the greatest common factor of 1780 and 17799644.
356
Calculate the greatest common divisor of 94392 and 120520.
184
Calculate the greatest common factor of 1914190 and 7102.
134
What is the greatest common factor of 129357724 and 282?
94
Calculate the highest common divisor of 1055340 and 129220.
260
Calculate the greatest common factor of 428 and 7298128.
4
What is the greatest common factor of 1523137 and 649?
11
Calculate the greatest common divisor of 5071 and 40647753.
461
What is the highest common divisor of 14653167 and 5202?
867
Calculate the highest common factor of 10695 and 69021965.
3565
What is the greatest common factor of 65 and 315640715?
65
Calculate the highest common divisor of 15597558 and 10616.
2654
What is the greatest common factor of 782975 and 155?
5
Calculate the greatest common divisor of 2102 and 49242503.
1051
Calculate the greatest common divisor of 20146 and 448.
14
What is the highest common divisor of 165 and 74636970?
15
Calculate the highest common divisor of 2178 and 1583382042.
2178
What is the highest common factor of 70097176 and 1?
1
What is the greatest common factor of 328532 and 18?
2
What is the greatest common divisor of 19557731 and 1562?
71
What is the greatest common factor of 2725020 and 720?
180
Calculate the greatest common factor of 129137 and 4735613.
1769
Calculate the highest common factor of 12 and 2037468.
12
What is the greatest common factor of 1594040 and 896?
56
What is the highest common factor of 23529827 and 13556?
3389
What is the highest common divisor of 294 and 259602?
294
What is the greatest common divisor of 25956066 and 12?
6
Calculate the highest common divisor of 256725 and 15099525.
1575
Calculate the greatest common divisor of 31644368 and 2680.
536
What is the greatest common divisor of 189 and 5619292?
7
Calculate the greatest common divisor of 215065472 and 16788.
5596
What is the greatest common divisor of 92 and 21208277?
23
Calculate the highest common divisor of 73758474 and 18.
18
Calculate the highest common factor of 1997 and 110080.
1
Calculate the greatest common divisor of 2 and 1934575.
1
What is the greatest common factor of 32 and 4499680?
32
What is the greatest common factor of 1444074 and 646467?
687
What is the highest common divisor of 138637398 and 6?
6
What is the greatest common divisor of 656 and 414460472?
328
Calculate the highest common factor of 89823 and 590999.
79
Calculate the greatest common factor of 3402 and 101393334.
126
What is the highest common divisor of 19133765 and 2320?
145
What is the highest common divisor of 891807 and 45087?
21
What is the highest common factor of 5608 and 17848862?
1402
What is the highest common divisor of 65499 and 420?
21
Calculate the greatest common factor of 7119 and 294019446.
2373
What is the highest common factor of 1270 and 89139014?
254
What is the greatest common divisor of 37409176 and 1197?
133
Calculate the highest common divisor of 318 and 158195566.
106
What is the highest common factor of 9233488 and 2944?
368
What is the greatest common divisor of 675932 and 1392?
116
Calculate the highest common factor of 1717 and 12733.
17
Calculate the greatest common divisor of 23471 and 31409.
49
What is the greatest common divisor of 61 and 2107693228?
61
Calculate the greatest common divisor of 15272 and 1372571.
1909
What is the greatest common divisor of 576 and 5713884?
36
Calculate the highest common factor of 1770610 and 97090.
190
What is the highest common factor of 1596158571 and 22526?
11263
What is the greatest common divisor of 938715885 and 366?
183
Calculate the greatest common divisor of 2276 and 99082246.
1138
What is the highest common factor of 6033 and 729849?
3
What is the highest common divisor of 49214 and 28958?
2
Calculate the highest common factor of 136390161 and 2001.
2001
Calculate the highest common divisor of 43833 and 614431.
769
What is the highest common factor of 657478 and 151018?
46
What is the greatest common divisor of 11434304 and 1344?
448
What is the highest common factor of 39 and 3990459?
3
What is the greatest common factor of 14446 and 4573790?
466
What is the greatest common factor of 206699